x. What is c(4)?
4
Let f(k) = -2*k**2 - 2*k + 4. Let v(a) = a**2. Let c(o) = f(o) + 4*v(o). Let j(u) = u**2 - u + 1. Let h(t) = c(t) - 3*j(t). What is h(2)?
-1
Let b(y) be the second derivative of y**6/30 + y**5/60 - y**4/24 - 2*y**2 - y. Let t(a) be the first derivative of b(a). What is t(1)?
4
Let k(y) = 11*y**2 - 17*y - 15. Let w(s) = -5*s**2 + 8*s + 7. Let h(x) = 4*k(x) + 9*w(x). Let a be (18/(-8) + 1)*-4. Give h(a).
-2
Let s(n) = -3*n**2 + 3*n - 2. Let j(y) = 4*y - 2. Let t be j(1). What is s(t)?
-8
Suppose 8*u = 3*u - 10. Let l = u + 1. Let d(m) = -2 + 1 - 3*m - m - m. Give d(l).
4
Let w(f) = f**3 + 3*f**2 + f + 5. Let k be w(-3). Let s(n) be the second derivative of -2*n + 0 - 1/6*n**3 - 1/2*n**k. What is s(3)?
-4
Let w(h) = 5*h**2 - 3*h + 2. Let y(u) = -u**2 + u - 1. Let g(a) = -w(a) - 4*y(a). Give g(-4).
-10
Let d(w) = w**2 + 9 + 1 + 10*w - 9*w + 5. Determine d(0).
15
Let z = 7 + -6. Suppose -2*g + 13 = z. Let w(i) = -i**3 + 5*i**2 + 5*i + 6. Calculate w(g).
0
Suppose -3*k - 8 = -j - 4*k, -5*j + 2*k + 5 = 0. Let f be 4/(-3)*j/(-2). Let i(z) = z - 6. Let g(a) = -2*a + 11. Let t(u) = -4*g(u) - 7*i(u). Determine t(f).
0
Let q(g) = -g + 2. Let v be q(2). Let o = v - -3. Suppose o*l + 2*l - 5 = 0. Let s(z) = -2*z**2 + z - 1. Determine s(l).
-2
Let w(g) = -3*g**2 - 15*g - 13. Let m(l) = -l**2 - 7*l - 6. Let f(c) = 13*m(c) - 6*w(c). Let t be f(-1). Let x(q) = -q**2 + t + 1 - 2*q - 4. Calculate x(2).
-5
Let w(o) be the first derivative of -o**4/24 - o**3/3 - o**2/2 + 3. Let f(m) be the second derivative of w(m). Determine f(5).
-7
Let x(r) = -2*r - 5*r - 2*r**2 + r**2 + 5*r - 1. Determine x(-1).
0
Let y(x) = 8*x**2 - 4*x**2 + 2*x + 2*x**2 + 0*x**2 - 1. Give y(1).
7
Let d(y) = y**3 - 6*y**2 + 4*y - 1. Let g(v) be the first derivative of 3*v**2/2 + 2*v - 6. Let l be g(1). Give d(l).
-6
Let n(t) = 5*t - 3*t + 0 + 2 + 7*t + t**2. Let m be n(-9). Suppose -m*z = -2*x - 2, -2*x - z = -1 - 0. Let y(p) = p**3 - p**2 + 4. Calculate y(x).
4
Let j(t) = -t**3 - 7*t**2 + t - 7. Let i(x) = -x**3 - 7*x**2 - 8. Let a(s) = -3*i(s) + 2*j(s). What is a(-7)?
-4
Let a(v) = 2*v**2 + v - 2. Suppose 0 = -2*d + 3*p - 13, d = -2*d + p - 9. Determine a(d).
4
Let a(d) = -d - 1. Let g(n) = 2*n - 13. Suppose -u + 32 = 2*m + 4*u, 4*u + 8 = 4*m. Let k be g(m). Calculate a(k).
0
Let l(p) = -p**3 + 2*p**2 + 3*p. Suppose -4*r + 18 = -3*b, b - 5 = -3*r + 2. Let y be l(r). Let f(i) = i**2 + i - 2. Determine f(y).
-2
Let d(u) = u + 3. Let w be d(0). Let k(t) = -1 - t**3 - 4*t + 0*t + 3*t + t**2 + 3*t**2. Calculate k(w).
5
Let i(p) = -5 + 0*p + 0*p + p + p. Let h be 2/(0 + (-2)/16). Let z be (-76)/h + (-1)/(-4). What is i(z)?
5
Let z(u) = -u**2 + u - 1. Let h = -14 + 15. Calculate z(h).
-1
Let a(w) be the third derivative of w**9/60480 - w**8/3360 + w**6/144 + w**5/60 - w**2. Let o(x) be the third derivative of a(x). Determine o(6).
5
Let m(j) = -152*j**2 + 153*j**2 - 2*j**3 - 5*j**3. Calculate m(-1).
8
Let n(m) = -m**3 + m**2 - m - 1. Suppose 0 = -5*d - f - 11, 4*f = 14 + 2. Let g(x) = 10*x**3 - 2*x**2 + 4*x + 2. Let s(a) = d*n(a) - g(a). What is s(1)?
-8
Suppose -48*w = -45*w + 6. Let r(o) = o**2 + o - 2. Calculate r(w).
0
Let b(m) = -2*m. Let p be b(-1). Suppose -2 = p*w + 2*w + 2*t, -w + 5 = -5*t. Let g(k) = -k**3 + k + 6. Calculate g(w).
6
Let w(z) be the second derivative of 0 - 1/12*z**4 - 3/2*z**2 + 5/6*z**3 - 2*z. Calculate w(3).
3
Let d(b) = b**3 + 11*b**2 - 12*b - 1. Let l be 14/14 + 1*-13. Determine d(l).
-1
Let i be 2*5/2*1. Suppose 0 = r - i*l - 19, -2 = -2*r + 2*l + 4. Let o(u) = -2 + 3 + 6*u**3 + 2*u**3 - u**2 - 9*u**3. Give o(r).
1
Let n(v) = v + 6. Let f = -3 - -8. Suppose l = f*l. Give n(l).
6
Let v(j) = j**2 + 5*j - 1. Suppose 35*g - 36*g = 7. Give v(g).
13
Let z(b) = 7*b**3 + 5*b**2 + 6*b. Let a(k) = -13*k**3 - 10*k**2 - 11*k + 1. Let j(l) = 6*a(l) + 11*z(l). Let m be -1 + (-15)/3 + 1. Calculate j(m).
6
Let m(u) = u**2 - u + 5. Let i be m(0). Let t(z) = z**2 - 3*z + 1. Calculate t(i).
11
Suppose 5*q + 0*l - 25 = -5*l, -5*q - 4*l + 24 = 0. Let o(v) = -v - 5. Give o(q).
-9
Let y(b) = -5*b + 5. Let v = -15 - -32. Let j(x) = -14*x + 14. Let r(n) = v*y(n) - 6*j(n). Suppose 3*o + 5*t = 13, t - 1 = o - 0. What is r(o)?
0
Let m(a) = -a**3 + 2*a**2 + 2*a. Let c(o) = -o**3 - 8*o**2 - 6*o + 7. Let j be c(-7). Suppose j = 5*s - 2*s - 12. Suppose 1 = -i + s. Determine m(i).
-3
Suppose -5*v + 30 = -0*v. Let q = v - 2. Let j(n) = n**3 - 4*n**2 - 2*n - 3. Give j(q).
-11
Suppose 5 = -d + 7. Let a(z) = -4*z - 2*z**d - z**2 - 4 + 0*z**3 + 6*z - z**3. Determine a(-3).
-10
Let o(k) = k**2 - 5*k + 6. Let l(x) = -x**3 - 5*x**2 + 5*x + 1. Let i be l(-6). Determine o(i).
20
Let p(j) = -2. Let z(o) = o + 7. Let r(g) = -9*p(g) - 2*z(g). Determine r(-7).
18
Let z(g) = 0 + g**2 + 0 + g + 5. Let r be (0*(-3)/12)/2. Give z(r).
5
Let t(p) = -2*p - 7. Let z be ((-12)/15)/((-4)/50). Suppose 0*s - z = 2*s. Determine t(s).
3
Suppose -6 = t + t. Let j(x) = -2*x + 1. Let o(m) = -5*m + 2. Let y(l) = -7*j(l) + 3*o(l). What is y(t)?
2
Let w(u) = -7*u**2 - 12*u + 12. Let a(n) = -3 + 0 + n - 3 + 3*n**2 + 5*n. Let f(d) = -9*a(d) - 4*w(d). Suppose 0 = -3*k - k + 16. Calculate f(k).
-2
Let g be (-114)/(-22) - 10/55. Suppose -2*i + 4 = -5*h - 1, -g = 5*h. Let k(z) = z**2 - z - 5. Determine k(i).
-5
Let i(m) be the first derivative of 1/2*m**2 + 3 + 5*m. Let p(a) = 5*a + 1. Let n be p(-1). Give i(n).
1
Let n = 96 + -96. Let h(a) be the second derivative of n - a**2 - 1/3*a**3 + 2*a. Determine h(-4).
6
Suppose -2*n = 4*z - 26, n - 2*z + 27 = 4*n. Suppose 3*b + 3 = n*b - 5*t, -2*b = 2*t + 12. Let l(y) = -y**2 - y - 1. What is l(b)?
-7
Suppose -6 = -4*t - n - 1, 4*n = 4*t + 20. Suppose 4*p + v - 11 = t, 2*p - 3*v - 28 = v. Let l(c) = 3*c - 3 + 2 - 4*c. What is l(p)?
-5
Suppose h + 4 = -3*u - 4, -3*h = -u - 26. Suppose -h*m = -m. Let x(w) = -w + 4. Determine x(m).
4
Let b(u) = -u**2 - u. Let x(a) = 2*a**2 + 5*a - 1. Let w(h) = -3*b(h) - x(h). Let f(q) = -q**2 + 3. Let g be f(0). Give w(g).
4
Suppose 4*s - 1 = 11. Let f(b) = 1 + 1 - b**2 + s*b + 5 - 2. Give f(4).
1
Let z = 16 - 13. Let i(v) = -2*v**3 + v**2 - 2*v - 7. Let s(q) = q**3 - 2*q**2 + 3*q + 6. Let w(b) = z*s(b) + 2*i(b). Calculate w(-5).
4
Let b(y) = y. Let v(i) = i**2 + 3*i - 5. Let p(g) = b(g) + v(g). Let k be 1 - 2/(-2) - -3. Suppose k*z + 7 = -13. Determine p(z).
-5
Let z(o) = 2 + 0 - 6*o - 4*o**2 + o**3 + 1. Let n = -1 + 3. Suppose -3*d = -n*d - 5. What is z(d)?
-2
Let s = 1 + 0. Let a be s + -1 - (1 + 3). Let b(n) = 3 + 22*n - 44*n + 23*n - 1. Give b(a).
-2
Let x be (-6)/(-4)*(16/6 - 4). Let s(k) = -6*k**2 + 3*k + 3. Give s(x).
-27
Let k(w) be the third derivative of 0*w + 1/2*w**3 - w**2 + 0 + 1/4*w**4. Calculate k(-2).
-9
Let o = 13 - 16. Let d(q) = -q**2 - 3 - 6*q**2 - 2*q + 3*q**2 + 3*q**2. Calculate d(o).
-6
Let h = -1 - 4. Let k(i) = 6*i**2 + 5. Let m(x) = -5*x**2 - x - 5. Let r = 12 - 7. Let u(a) = r*m(a) + 4*k(a). Determine u(h).
-5
Let j(q) = -q**2 - 5*q - 1. Let h(a) = -5*a**2 - 26*a - 6. Let p(r) = 2*h(r) - 11*j(r). What is p(-3)?
-1
Let x(o) = -o - 1. Suppose -b - 12 = -5*b. Suppose -4*n - c - b*c = 0, 0 = 4*n - 5*c - 45. Give x(n).
-6
Let d(k) = -k**3 - 6*k**2 - 4*k - 3. Let s(f) = 2*f**3 + 12*f**2 + 7*f + 7. Let z(n) = 7*d(n) + 4*s(n). Determine z(-6).
7
Let x(j) = -j**3 + j**2 - 3. Let o be (-1)/(-6) - (-175)/30. Suppose 2*d = 4*l - 10, 4*l + 1 - o = d. Give x(l).
-3
Let y(q) be the second derivative of q**3/3 + 2*q**2 + q. Let g(x) = 4*x + 5*x - 4*x + 1 - 2*x. Let c be g(-2). Determine y(c).
-6
Let g(z) be the first derivative of 5*z**4/12 + 2*z - 2. Let n(o) be the first derivative of g(o). What is n(1)?
5
Let w(o) = 3 - 6*o + 10*o**2 - 19*o**2 + 10*o**2. Give w(6).
3
Let s be ((1 - 0) + -3)/(-1). Let v(z) = 0*z - z**3 + 2 + s - z - 3. Calculate v(0).
1
Suppose -3*m + 4*p - 5*p = -4, 20 = 5*p. Suppose 2*v - 6*v + 16 = 0, m = 4*w - 2*v. Suppose w - 4 = 2*a. Let s(y) = 9*y. Calculate s(a).
-9
Suppose 3*h = i - 13, -5*h = 5*i - 3*i - 37. Suppose -a - i = 5*p, p - 12 = -3*a - a. Let o(d) = -d + 4. What is o(a)?
0
Let x(r) = 6*r - r**2 - 6 - 5*r + r + 4*r. Determine x(5).
-1
Let a(y) = -7*y - 32. Let g be a(-5). Let h(k) = k**3 - 6*k**2 - 4*k - 3. Let n(r) = r**3 - 5*r**2 - 4*r - 2. Let f(m) = -2*h(m) + 3*n(m). Determine f(g).
-12